8. Let m be a(-2). Calculate the greatest common factor of m and 14.
14
Suppose -4*m + 40 = 8. Let v = -472 - -480. Calculate the greatest common factor of m and v.
8
Let r be -11*(0 + 3/(-3)). Let n be ((-198)/(-4))/((-1)/(-2)). What is the greatest common factor of r and n?
11
Suppose 0 = 2*g - 3 - 3. Let t be g + ((-9)/3 - -12). What is the highest common factor of t and 2?
2
Suppose 0*k = 5*k - 5. What is the greatest common factor of k and 9?
1
Let z = -6 + 4. Let a be -1 - (z*9 - 2). Suppose 3*l - 4 = 4*p - 30, -3*l + a = 5*p. What is the greatest common divisor of p and 25?
5
Suppose 3*r = 4*j + r - 272, 4*j = -2*r + 256. Suppose -4*a - 70 = -2*m, -31 = -m + 4*a - 2. Let g = -19 + m. What is the highest common factor of g and j?
22
Let w = -275 - -419. Suppose 6*o - 54 = 3*o. What is the highest common factor of o and w?
18
Suppose 5*a = 4*a + 6. Let h be ((-16)/12)/(a/(-45)). Calculate the highest common divisor of h and 70.
10
Suppose 0 = j + j - 120. Suppose 3 = y - 2. Suppose y*k + 0*k = j. Calculate the highest common divisor of 8 and k.
4
Let i = 1 + 0. Let f(h) = -3*h + 6*h - 1 - i. Let l be f(5). What is the highest common divisor of l and 104?
13
Suppose 2*j + 2*x - 14 = -0*x, 0 = 5*j - x - 41. Calculate the highest common divisor of j and 112.
8
Let k(u) = -u**2 - 3*u + 1. Let w be k(-2). Let l(f) = -5 - w*f + 2*f**2 + 3 + 0*f**2. Let x be l(3). What is the highest common divisor of x and 1?
1
Let c be (24/9)/(4/(-18)). Let x = c + 19. Suppose 0 = -3*r - 3*k + 6, -x*r + 6*r = 2*k + 2. Calculate the highest common divisor of 6 and r.
6
Let t be (-1)/(5/(-25)) - 0. Calculate the highest common divisor of 5 and t.
5
Let t(j) = -j**3 - 7*j**2 + j + 6. Let a be t(-7). Let y = a - -6. What is the greatest common factor of 45 and y?
5
Suppose -2*o = -3*n - 47, o + 3 - 28 = n. Calculate the greatest common factor of o and 42.
14
Suppose -10 = -4*g + 10. Let m = -441 - -466. What is the greatest common divisor of m and g?
5
Suppose a = 3*a - 30. Let u(i) = -7*i**3 - 3*i**2 - i. Let h be u(-3). What is the greatest common divisor of a and h?
15
Let o = 2 + -3. Let g be (-1 - (3 + -1))*o. Let c = 56 + -29. What is the greatest common divisor of g and c?
3
Suppose 24 = v - 25. Let u = v + -30. Calculate the highest common divisor of 95 and u.
19
Suppose 4*y - 18 = 10. Calculate the highest common divisor of y and 77.
7
Let c = 275 - 182. Let n(v) = 3*v - 1. Let h be n(2). Suppose h*z = -3 + c. What is the greatest common divisor of z and 9?
9
Let s be 1/3 + (-1)/3. Suppose 2*i + i - 9 = s. Calculate the greatest common factor of i and 12.
3
Let j = 54 - -42. Let t = -60 + j. Calculate the greatest common divisor of 24 and t.
12
Let f(w) = -27*w + 1. Let x be (-5)/7 + 6/(-21). Let i be f(x). Calculate the highest common divisor of i and 42.
14
Let i be 21/((21/(-2))/7). Let z be i*((-7)/2 + 1). Let j be ((-1)/3)/((-1)/21). What is the greatest common factor of z and j?
7
Let p be 334/6 + 10/(-15). Suppose -5*c - 2*j + p = 0, -5*j = -2*c + 4*c - 43. Calculate the highest common factor of c and 1.
1
Suppose -y = -4*w - 12, -5*y = -w - 4*w - 45. Calculate the highest common factor of y and 2.
2
Let r be (-1 - -2)/(2/4). Let q be (-7)/r*-4*3. Let b be (q/12)/((-1)/(-2)). Calculate the highest common factor of 77 and b.
7
Suppose 0*n + 5*h + 25 = 3*n, 4*n - h - 5 = 0. Suppose n = g - 40 - 95. What is the greatest common divisor of 15 and g?
15
Let u = 40 + -18. What is the highest common factor of 2 and u?
2
Let n be (-4)/14 - 1770/(-21). What is the greatest common divisor of n and 21?
21
Let a(u) = -u + 5. Let s = -5 - -5. Let n be a(s). Let j = 21 - n. Calculate the highest common divisor of j and 64.
16
Let v(z) be the third derivative of -11*z**4/24 + z**3/3 + 2*z**2. Let l be v(-2). Calculate the greatest common divisor of l and 8.
8
Suppose -5*x + 642 = -213. Calculate the highest common divisor of 57 and x.
57
Suppose -2*v = -2*b, 3*b - 7 = -v + 5. What is the highest common factor of b and 9?
3
Let p be (-2)/(-9) - (-142)/9. Let z = 144 - p. Suppose -8 = 3*t - z. What is the highest common factor of t and 8?
8
Suppose 3*b = 9, -2*i + b + 5 = -0*i. Let h be -16*((-9)/i)/3. Let a(r) = 5*r - 2. Let n be a(2). Calculate the highest common divisor of h and n.
4
Let v = 43 - -2. What is the highest common factor of v and 9?
9
Let l(g) = 4*g - 2*g**2 - 2 + g**2 + 2*g**2. Let r be l(4). Calculate the highest common factor of r and 10.
10
Let d be 3/(-3) + (-2 - -35). Let i = -15 + d. What is the highest common divisor of 34 and i?
17
Let n = -109 - -174. What is the highest common divisor of 13 and n?
13
Suppose 0 = -2*c - 0*c + 378. Let y be (48/(-20))/((-1)/(-30)). Let t = y + c. What is the highest common factor of t and 13?
13
Suppose 0 = -2*h - 3*q + 57, 4*h - 5*q + 21 = 102. Suppose 0*s - 2*s = -h. Suppose 21*u = 44*u - 552. What is the greatest common factor of s and u?
12
Suppose -2*t + 932 = 4*u, -2*t = 4*u - 3*u - 230. What is the highest common factor of 26 and u?
26
Let q = 10 + -9. Let b = 39 + q. Calculate the highest common factor of b and 8.
8
Suppose 0 = -m - 4*m + 10. Suppose 0 = -m*b + 4*h + 10, 5*b = -2*h - 0*h + 49. What is the greatest common factor of b and 9?
9
Suppose -v - 508 = -4*g, 5*v - 172 - 186 = -3*g. What is the greatest common factor of g and 18?
18
Suppose 2*h - 5*k - 25 = 0, k - 60 = -5*h + 43. Let r = -89 - -93. What is the highest common divisor of h and r?
4
Suppose -3*w + 10 = g, 3*w + 3*g + 18 = 6*w. Suppose m = w*k - 243, k - 22 = 4*m + 50. What is the greatest common divisor of 12 and k?
12
Let w = 24 + 27. Let n(b) = b + 4. Let o be n(0). Suppose o*a - 63 = 5. What is the greatest common divisor of a and w?
17
Let p(w) = 22*w**3 - 2*w**2 + 2*w - 1. Let q be p(1). Let v(b) = -b**2 + 9. Let u be v(0). Let l = u - -5. Calculate the greatest common factor of l and q.
7
Suppose 0 = 8*c - 4*c. Suppose c*o = 2*o - 132. What is the highest common factor of o and 6?
6
Let p = 75 - 56. Calculate the greatest common factor of 209 and p.
19
Suppose 31 = 5*w + y, w + 3 + 6 = -4*y. Let q(f) = f**3 - 5*f**2 - f - 1. Let a be q(w). Calculate the greatest common factor of 10 and a.
10
Let j = 12 + -7. Let k(f) = -f**3 + 9*f**2 + 4*f + 1. Let t be k(j). Calculate the highest common divisor of 11 and t.
11
Suppose -3*c - 1320 = -8*c. Let q = -100 - -124. What is the highest common factor of c and q?
24
Suppose 2*k - 5*k = 75. Let y = 14 + -10. Let g be (60/k)/(y/(-30)). What is the highest common factor of 3 and g?
3
Let f be (-5 + 0 - 2)*9. Let x = -4 - f. Let d = x + -29. What is the greatest common factor of 12 and d?
6
Suppose -n = -48 - 16. Let o(w) = w**2 - 1. Let x be o(-2). Suppose -25 + 1 = -x*u. Calculate the highest common divisor of u and n.
8
Let b = 192 + -348. Let j = -72 - b. Suppose -k + j = k. Calculate the greatest common factor of 6 and k.
6
Let l = -2 + 5. Suppose -l*i = -7 - 125. Suppose -i = y - 3*y. Calculate the highest common divisor of 2 and y.
2
Let w(b) = 17*b + 6. Let c be w(5). What is the highest common factor of 13 and c?
13
Suppose -13 - 1 = -2*m. Let o = 4 + m. Let n = -5 + 27. What is the greatest common factor of o and n?
11
Let x(h) be the third derivative of -5*h**4/24 - h**3 - 3*h**2. Let l be x(-4). Let f = 239 + -169. What is the greatest common divisor of l and f?
14
Suppose 0 = i + 5*t - 14, 0*i + 5*t = 5*i - 190. Let f = -22 + i. Calculate the highest common factor of 120 and f.
12
Suppose -f + 589 = 3*t, -153 + 569 = 2*t - 4*f. Let i(k) = -k**2 - 13*k + 18. Let y be i(-13). Calculate the highest common factor of y and t.
18
Let f = 58 - -14. Let d(q) = -q**3 - q**2 - q + 16. Let w be d(0). Suppose 3*j + w = 43. Calculate the highest common divisor of f and j.
9
Let y(f) = -14*f**3 - 8*f**2 - 4*f + 2. Let w be y(-2). What is the highest common divisor of w and 36?
18
Let z be 492/6 + 3 + -1. Suppose 0 = 3*u - 5*f - 105, 3*u + 2*f + 0*f = z. What is the highest common factor of u and 30?
30
Let m be (-1 + 0)/(-2 + 1). Suppose -5*b = r - 0*b - 33, 2*b = 4*r - 22. Suppose 3*l - r = m. What is the highest common divisor of 6 and l?
3
Let a = 49 - 9. Suppose -x + a = -5*m, -5*x + 3*x + 3*m + 80 = 0. Let q = 144 - x. What is the greatest common divisor of q and 13?
13
Let m =